{"id":797,"date":"2024-01-06T15:51:02","date_gmt":"2024-01-06T14:51:02","guid":{"rendered":"https:\/\/finascrap.pl\/?post_type=product&#038;p=797"},"modified":"2026-01-10T20:52:34","modified_gmt":"2026-01-10T19:52:34","slug":"kalendarz-biurkowy-z-kieszonka-w-rozanym-ogrodzie","status":"publish","type":"product","link":"https:\/\/finascrap.pl\/?product=kalendarz-biurkowy-z-kieszonka-w-rozanym-ogrodzie","title":{"rendered":"Kalendarz biurkowy z kieszonk\u0105 &#8222;W r\u00f3\u017canym ogrodzie&#8221;"},"content":{"rendered":"<p>Kalendarz biurkowy to nie tylko praktyczne rozwi\u0105zanie, ale tak\u017ce \u015bwietny spos\u00f3b na ozdobienie swojego miejsca pracy. Dodatkowo zawiera kieszonk\u0119, w kt\u00f3rej mo\u017cna umie\u015bci\u0107 wizyt\u00f3wki, karteczki samoprzylepne lub inne drobiazgi.<\/p>\n","protected":false},"excerpt":{"rendered":"<p>Wymiary: ok. 21cmx14cm<\/p>\n<p>Opakowanie: torebka foliowa<\/p>\n","protected":false},"featured_media":772,"template":"","meta":[],"product_cat":[228],"product_tag":[152,149,164,34,151,165,150,153,148],"class_list":{"0":"post-797","1":"product","2":"type-product","3":"status-publish","4":"has-post-thumbnail","6":"product_cat-artykuly-papiernicze","7":"product_tag-biurko","8":"product_tag-hande-made","9":"product_tag-kalendarz","10":"product_tag-kartka","11":"product_tag-notes","12":"product_tag-nowy-rok","13":"product_tag-prezent","14":"product_tag-ramka-na-zdjecie","15":"product_tag-recznie-robione","16":"pa_okladka-bez-personalizacji","17":"pa_okladka-z-personalizacja","18":"pa_wnetrze-puste-miejsce-na-zyczenia","19":"pa_wnetrze-wydrukowany-tekst-przeslany-przez-klienta","21":"first","22":"instock","23":"sold-individually","24":"shipping-taxable","25":"product-type-simple"},"_links":{"self":[{"href":"https:\/\/finascrap.pl\/index.php?rest_route=\/wp\/v2\/product\/797","targetHints":{"allow":["GET"]}}],"collection":[{"href":"https:\/\/finascrap.pl\/index.php?rest_route=\/wp\/v2\/product"}],"about":[{"href":"https:\/\/finascrap.pl\/index.php?rest_route=\/wp\/v2\/types\/product"}],"wp:featuredmedia":[{"embeddable":true,"href":"https:\/\/finascrap.pl\/index.php?rest_route=\/wp\/v2\/media\/772"}],"wp:attachment":[{"href":"https:\/\/finascrap.pl\/index.php?rest_route=%2Fwp%2Fv2%2Fmedia&parent=797"}],"wp:term":[{"taxonomy":"product_cat","embeddable":true,"href":"https:\/\/finascrap.pl\/index.php?rest_route=%2Fwp%2Fv2%2Fproduct_cat&post=797"},{"taxonomy":"product_tag","embeddable":true,"href":"https:\/\/finascrap.pl\/index.php?rest_route=%2Fwp%2Fv2%2Fproduct_tag&post=797"}],"curies":[{"name":"wp","href":"https:\/\/api.w.org\/{rel}","templated":true}]}}