{"id":736,"date":"2023-12-16T14:24:56","date_gmt":"2023-12-16T13:24:56","guid":{"rendered":"https:\/\/finascrap.pl\/?post_type=product&#038;p=736"},"modified":"2026-01-11T17:54:39","modified_gmt":"2026-01-11T16:54:39","slug":"magnes-na-lodowke-do-schrupania","status":"publish","type":"product","link":"https:\/\/finascrap.pl\/?product=magnes-na-lodowke-do-schrupania","title":{"rendered":"Magnes na lod\u00f3wk\u0119 &#8222;Do schrupania&#8221;"},"content":{"rendered":"<p>Taki magnes to doskona\u0142y zamiennik tradycyjnej kartki. Je\u015bli obdarowana osoba umie\u015bci go na lod\u00f3wce, b\u0119dziesz mie\u0107 pewno\u015b\u0107, \u017ce o Tobie nie zapomni.<\/p>\n","protected":false},"excerpt":{"rendered":"<p>Magnes na lod\u00f3wk\u0119<\/p>\n<p>Wymiary: ok. 11cm x 8cm<br \/>\nOpakowanie: foliowy woreczek<\/p>\n","protected":false},"featured_media":715,"template":"","meta":[],"product_cat":[174],"product_tag":[49,48,45],"class_list":{"0":"post-736","1":"product","2":"type-product","3":"status-publish","4":"has-post-thumbnail","6":"product_cat-kartki","7":"product_tag-imieniny","8":"product_tag-magnes","9":"product_tag-urodziny","11":"first","12":"instock","13":"sold-individually","14":"shipping-taxable","15":"product-type-simple"},"_links":{"self":[{"href":"https:\/\/finascrap.pl\/index.php?rest_route=\/wp\/v2\/product\/736","targetHints":{"allow":["GET"]}}],"collection":[{"href":"https:\/\/finascrap.pl\/index.php?rest_route=\/wp\/v2\/product"}],"about":[{"href":"https:\/\/finascrap.pl\/index.php?rest_route=\/wp\/v2\/types\/product"}],"wp:featuredmedia":[{"embeddable":true,"href":"https:\/\/finascrap.pl\/index.php?rest_route=\/wp\/v2\/media\/715"}],"wp:attachment":[{"href":"https:\/\/finascrap.pl\/index.php?rest_route=%2Fwp%2Fv2%2Fmedia&parent=736"}],"wp:term":[{"taxonomy":"product_cat","embeddable":true,"href":"https:\/\/finascrap.pl\/index.php?rest_route=%2Fwp%2Fv2%2Fproduct_cat&post=736"},{"taxonomy":"product_tag","embeddable":true,"href":"https:\/\/finascrap.pl\/index.php?rest_route=%2Fwp%2Fv2%2Fproduct_tag&post=736"}],"curies":[{"name":"wp","href":"https:\/\/api.w.org\/{rel}","templated":true}]}}