{"id":561,"date":"2023-12-01T13:47:33","date_gmt":"2023-12-01T12:47:33","guid":{"rendered":"https:\/\/finascrap.pl\/?post_type=product&#038;p=561"},"modified":"2026-01-11T18:10:43","modified_gmt":"2026-01-11T17:10:43","slug":"zawieszka-na-prezent-chatka-z-jelonkiem","status":"publish","type":"product","link":"https:\/\/finascrap.pl\/?product=zawieszka-na-prezent-chatka-z-jelonkiem","title":{"rendered":"Zawieszka na prezent &#8222;Chatka z Jelonkiem&#8221;"},"content":{"rendered":"<p>Zawieszka na prezent zosta\u0142a wykonana na bazie beermaty (tektury) . Na jej drugiej stronie znajduje si\u0119 miejsce na podpis lub \u017cyczenia.<\/p>\n","protected":false},"excerpt":{"rendered":"<p>Wymiary produktu: ok. 10,5\/7cm<\/p>\n<p>Spos\u00f3b zapakowania: woreczek foliowy.<\/p>\n","protected":false},"featured_media":562,"template":"","meta":[],"product_cat":[222],"product_tag":[116,115,119,101,118,117],"class_list":{"0":"post-561","1":"product","2":"type-product","3":"status-publish","4":"has-post-thumbnail","6":"product_cat-drobne-upominki","7":"product_tag-dekoracja","8":"product_tag-ozdoba","9":"product_tag-tag","10":"product_tag-tekturki","11":"product_tag-zawieszka-na-prezent","12":"product_tag-zyczenia","14":"first","15":"instock","16":"sold-individually","17":"shipping-taxable","18":"purchasable","19":"product-type-simple"},"_links":{"self":[{"href":"https:\/\/finascrap.pl\/index.php?rest_route=\/wp\/v2\/product\/561","targetHints":{"allow":["GET"]}}],"collection":[{"href":"https:\/\/finascrap.pl\/index.php?rest_route=\/wp\/v2\/product"}],"about":[{"href":"https:\/\/finascrap.pl\/index.php?rest_route=\/wp\/v2\/types\/product"}],"wp:featuredmedia":[{"embeddable":true,"href":"https:\/\/finascrap.pl\/index.php?rest_route=\/wp\/v2\/media\/562"}],"wp:attachment":[{"href":"https:\/\/finascrap.pl\/index.php?rest_route=%2Fwp%2Fv2%2Fmedia&parent=561"}],"wp:term":[{"taxonomy":"product_cat","embeddable":true,"href":"https:\/\/finascrap.pl\/index.php?rest_route=%2Fwp%2Fv2%2Fproduct_cat&post=561"},{"taxonomy":"product_tag","embeddable":true,"href":"https:\/\/finascrap.pl\/index.php?rest_route=%2Fwp%2Fv2%2Fproduct_tag&post=561"}],"curies":[{"name":"wp","href":"https:\/\/api.w.org\/{rel}","templated":true}]}}