{"id":474,"date":"2023-11-23T16:58:48","date_gmt":"2023-11-23T15:58:48","guid":{"rendered":"https:\/\/finascrap.pl\/?post_type=product&#038;p=474"},"modified":"2026-01-11T18:22:20","modified_gmt":"2026-01-11T17:22:20","slug":"exploding-box-kwiaty","status":"publish","type":"product","link":"https:\/\/finascrap.pl\/?product=exploding-box-kwiaty","title":{"rendered":"Exploding box &#8222;Kwiaty&#8221;"},"content":{"rendered":"<p>Exploding box to kartka w formie \u201cwybuchaj\u0105cego\u201d pude\u0142ka z wieczkiem, kt\u00f3rego \u015bcianki, po otwarciu rozpadaj\u0105 si\u0119 na 4 strony.<\/p>\n<p>Mo\u017cna go wr\u0119czy\u0107 z okazji \u015blubu, chrztu, komunii, urodzin, itp. Wewn\u0105trz pude\u0142ka znajduje si\u0119 mn\u00f3stwo miejsca na \u017cyczenia oraz schowk\u00f3w, w kt\u00f3rych mo\u017cna umie\u015bci\u0107 drobne prezenty np. bi\u017cuteri\u0119 lub pieni\u0105dze.<\/p>\n<div class=\"woocommerce-tabs wc-tabs-wrapper\">\n<div id=\"tab-description\" class=\"woocommerce-Tabs-panel woocommerce-Tabs-panel--description panel entry-content wc-tab\" role=\"tabpanel\" aria-labelledby=\"tab-title-description\">\n<p>&nbsp;<\/p>\n<\/div>\n<\/div>\n","protected":false},"excerpt":{"rendered":"<p>Wymiary: 9cm x 11cm<br \/>\nTrzymade\u0142ko (torebka): 10cm x 22,5 cm<\/p>\n<p>&nbsp;<\/p>\n<p><a href=\"https:\/\/www.instagram.com\/p\/CqGKXHBL5NU\/\">https:\/\/www.instagram.com\/p\/CqGKXHBL5NU\/<\/a><\/p>\n","protected":false},"featured_media":484,"template":"","meta":[],"product_cat":[231],"product_tag":[98,49,45],"class_list":{"0":"post-474","1":"product","2":"type-product","3":"status-publish","4":"has-post-thumbnail","6":"product_cat-exploding-box","7":"product_tag-exploading-box","8":"product_tag-imieniny","9":"product_tag-urodziny","10":"pa_okladka-bez-personalizacji","11":"pa_okladka-z-personalizacja","12":"pa_wnetrze-puste-miejsce-na-zyczenia","13":"pa_wnetrze-wydrukowany-tekst-przeslany-przez-klienta","15":"first","16":"instock","17":"sold-individually","18":"shipping-taxable","19":"purchasable","20":"product-type-simple"},"_links":{"self":[{"href":"https:\/\/finascrap.pl\/index.php?rest_route=\/wp\/v2\/product\/474","targetHints":{"allow":["GET"]}}],"collection":[{"href":"https:\/\/finascrap.pl\/index.php?rest_route=\/wp\/v2\/product"}],"about":[{"href":"https:\/\/finascrap.pl\/index.php?rest_route=\/wp\/v2\/types\/product"}],"wp:featuredmedia":[{"embeddable":true,"href":"https:\/\/finascrap.pl\/index.php?rest_route=\/wp\/v2\/media\/484"}],"wp:attachment":[{"href":"https:\/\/finascrap.pl\/index.php?rest_route=%2Fwp%2Fv2%2Fmedia&parent=474"}],"wp:term":[{"taxonomy":"product_cat","embeddable":true,"href":"https:\/\/finascrap.pl\/index.php?rest_route=%2Fwp%2Fv2%2Fproduct_cat&post=474"},{"taxonomy":"product_tag","embeddable":true,"href":"https:\/\/finascrap.pl\/index.php?rest_route=%2Fwp%2Fv2%2Fproduct_tag&post=474"}],"curies":[{"name":"wp","href":"https:\/\/api.w.org\/{rel}","templated":true}]}}