{"id":441,"date":"2023-11-23T15:59:00","date_gmt":"2023-11-23T14:59:00","guid":{"rendered":"https:\/\/finascrap.pl\/?post_type=product&#038;p=441"},"modified":"2026-01-11T18:27:49","modified_gmt":"2026-01-11T17:27:49","slug":"kartka-szkola","status":"publish","type":"product","link":"https:\/\/finascrap.pl\/?product=kartka-szkola","title":{"rendered":"Kartka &#8222;Szko\u0142a&#8221;"},"content":{"rendered":"<p>Warstwowa kartka z mechanizmem, kt\u00f3ry uruchamia si\u0119 po jej otwarciu.\u00a0 Na g\u00f3rnej cz\u0119\u015bci zosta\u0142a umieszczona zak\u0142adka na \u017cyczenia (kt\u00f3re mo\u017cna napisa\u0107 na tagu).<\/p>\n<p>&nbsp;<\/p>\n","protected":false},"excerpt":{"rendered":"<p>Wymiary: ok. 14cm x 14cm<br \/>\nOpakowanie (delikatny kartonik) o wymiarach: ok. 14,5cm x 14,5cm<\/p>\n","protected":false},"featured_media":450,"template":"","meta":[],"product_cat":[225],"product_tag":[34,93,94,92,91,45],"class_list":{"0":"post-441","1":"product","2":"type-product","3":"status-publish","4":"has-post-thumbnail","6":"product_cat-kartki-pop-up-box","7":"product_tag-kartka","8":"product_tag-nowy-rok-szkolny","9":"product_tag-powodzenia","10":"product_tag-rozpoczecie-szkoly","11":"product_tag-szkola","12":"product_tag-urodziny","13":"pa_okladka-bez-personalizacji","14":"pa_okladka-z-personalizacja","15":"pa_wnetrze-puste-miejsce-na-zyczenia","16":"pa_wnetrze-wydrukowany-tekst-przeslany-przez-klienta","18":"first","19":"instock","20":"sold-individually","21":"shipping-taxable","22":"purchasable","23":"product-type-simple"},"_links":{"self":[{"href":"https:\/\/finascrap.pl\/index.php?rest_route=\/wp\/v2\/product\/441","targetHints":{"allow":["GET"]}}],"collection":[{"href":"https:\/\/finascrap.pl\/index.php?rest_route=\/wp\/v2\/product"}],"about":[{"href":"https:\/\/finascrap.pl\/index.php?rest_route=\/wp\/v2\/types\/product"}],"wp:featuredmedia":[{"embeddable":true,"href":"https:\/\/finascrap.pl\/index.php?rest_route=\/wp\/v2\/media\/450"}],"wp:attachment":[{"href":"https:\/\/finascrap.pl\/index.php?rest_route=%2Fwp%2Fv2%2Fmedia&parent=441"}],"wp:term":[{"taxonomy":"product_cat","embeddable":true,"href":"https:\/\/finascrap.pl\/index.php?rest_route=%2Fwp%2Fv2%2Fproduct_cat&post=441"},{"taxonomy":"product_tag","embeddable":true,"href":"https:\/\/finascrap.pl\/index.php?rest_route=%2Fwp%2Fv2%2Fproduct_tag&post=441"}],"curies":[{"name":"wp","href":"https:\/\/api.w.org\/{rel}","templated":true}]}}