{"id":192,"date":"2023-08-28T19:24:51","date_gmt":"2023-08-28T17:24:51","guid":{"rendered":"https:\/\/finascrap.pl\/?post_type=product&#038;p=192"},"modified":"2026-01-11T18:35:09","modified_gmt":"2026-01-11T17:35:09","slug":"kartka-z-okazji-narodzin-dziecka-k0623","status":"publish","type":"product","link":"https:\/\/finascrap.pl\/?product=kartka-z-okazji-narodzin-dziecka-k0623","title":{"rendered":"Kartka &#8222;Dziecko 1&#8221; r\u00f3\u017cowa"},"content":{"rendered":"<p>Delikatna warstwowa kartka z kieszonk\u0105, w kt\u00f3rej zmieszcz\u0105 si\u0119 pieni\u0105dze, bony podarunkowe lub dodatkowe \u017cyczenia. Mo\u017cna j\u0105 wr\u0119czy\u0107 szcz\u0119\u015bliwym Rodzicom nowo narodzonego Dziecka lub z innej okazji, np. Chrztu \u015awi\u0119tego.<\/p>\n<p>&nbsp;<\/p>\n","protected":false},"excerpt":{"rendered":"<p>Pami\u0105tka dla Rodzic\u00f3w i Dziecka<\/p>\n<p>Wymiary: ok. 13cm x 13cm<br \/>\nOpakowanie (delikatny kartonik) o wymiarach: ok. 14cm x 14cm<\/p>\n","protected":false},"featured_media":195,"template":"","meta":[],"product_cat":[224],"product_tag":[40,47,34,41],"class_list":{"0":"post-192","1":"product","2":"type-product","3":"status-publish","4":"has-post-thumbnail","6":"product_cat-kartki-w-pudelku","7":"product_tag-chrzest","8":"product_tag-gratulacje","9":"product_tag-kartka","10":"product_tag-narodziny-dziecka","11":"pa_okladka-bez-personalizacji","12":"pa_okladka-z-personalizacja","13":"pa_wnetrze-puste-miejsce-na-zyczenia","14":"pa_wnetrze-wydrukowany-tekst-przeslany-przez-klienta","16":"first","17":"instock","18":"sold-individually","19":"shipping-taxable","20":"purchasable","21":"product-type-simple"},"_links":{"self":[{"href":"https:\/\/finascrap.pl\/index.php?rest_route=\/wp\/v2\/product\/192","targetHints":{"allow":["GET"]}}],"collection":[{"href":"https:\/\/finascrap.pl\/index.php?rest_route=\/wp\/v2\/product"}],"about":[{"href":"https:\/\/finascrap.pl\/index.php?rest_route=\/wp\/v2\/types\/product"}],"wp:featuredmedia":[{"embeddable":true,"href":"https:\/\/finascrap.pl\/index.php?rest_route=\/wp\/v2\/media\/195"}],"wp:attachment":[{"href":"https:\/\/finascrap.pl\/index.php?rest_route=%2Fwp%2Fv2%2Fmedia&parent=192"}],"wp:term":[{"taxonomy":"product_cat","embeddable":true,"href":"https:\/\/finascrap.pl\/index.php?rest_route=%2Fwp%2Fv2%2Fproduct_cat&post=192"},{"taxonomy":"product_tag","embeddable":true,"href":"https:\/\/finascrap.pl\/index.php?rest_route=%2Fwp%2Fv2%2Fproduct_tag&post=192"}],"curies":[{"name":"wp","href":"https:\/\/api.w.org\/{rel}","templated":true}]}}