{"id":167,"date":"2023-08-25T12:21:58","date_gmt":"2023-08-25T10:21:58","guid":{"rendered":"https:\/\/finascrap.pl\/?post_type=product&#038;p=167"},"modified":"2026-01-11T18:37:27","modified_gmt":"2026-01-11T17:37:27","slug":"personalizacja-okladki","status":"publish","type":"product","link":"https:\/\/finascrap.pl\/?product=personalizacja-okladki","title":{"rendered":"Personalizacja ok\u0142adki"},"content":{"rendered":"<p>Produkt\u00a0<strong>personalizowany<\/strong>\u00a0zawiera\u00a0 dowolne wybrane przez Ciebie informacje, kt\u00f3re zostan\u0105 umieszczone na ok\u0142adce. Mog\u0105 to by\u0107 imi\u0119 (imiona), data wydarzenia, itp.\u00a0 Tekst, kt\u00f3ry ma si\u0119 znale\u017a\u0107 na ok\u0142adce nale\u017cy niezw\u0142ocznie po zakupie przes\u0142a\u0107 na adres: finascrap@gmial.com . W odpowiedzi\u00a0 na wiadomo\u015b\u0107 mailow\u0105 zostanie przes\u0142ane zdj\u0119cie gotowej ok\u0142adki. Czas realizacji zlecenia liczy si\u0119 od momentu zatwierdzenia przez Klienta projektu.<br \/>\nWewn\u0105trz produktu z personalizacj\u0105 znajduje si\u0119 puste miejsce na \u017cyczenia (do samodzielnego uzupe\u0142nienia).<\/p>\n","protected":false},"excerpt":{"rendered":"<p>Produkt\u00a0personalizowany\u00a0zawiera\u00a0 dowolne wybrane przez Ciebie informacje, kt\u00f3re zostan\u0105 umieszczone na ok\u0142adce. Mog\u0105 to by\u0107 imi\u0119 (imiona), data wydarzenia, itp.\u00a0 Tekst, kt\u00f3ry ma si\u0119 znale\u017a\u0107 na ok\u0142adce nale\u017cy niezw\u0142ocznie po zakupie przes\u0142a\u0107 na adres: finascrap@gmial.com . W odpowiedzi\u00a0 na wiadomo\u015b\u0107 mailow\u0105 zostanie przes\u0142ane zdj\u0119cie gotowej ok\u0142adki. Czas realizacji zlecenia liczy si\u0119 od momentu zatwierdzenia przez Klienta &hellip; <\/p>\n<p class=\"link-more\"><a href=\"https:\/\/finascrap.pl\/?product=personalizacja-okladki\" class=\"more-link\">Czytaj dalej<span class=\"screen-reader-text\"> \u201ePersonalizacja ok\u0142adki\u201d<\/span><\/a><\/p>\n","protected":false},"featured_media":177,"template":"","meta":[],"product_cat":[220],"product_tag":[42],"class_list":{"0":"post-167","1":"product","2":"type-product","3":"status-publish","4":"has-post-thumbnail","6":"product_cat-inne","7":"product_tag-personalizacja","9":"first","10":"onbackorder","11":"shipping-taxable","12":"purchasable","13":"product-type-simple"},"_links":{"self":[{"href":"https:\/\/finascrap.pl\/index.php?rest_route=\/wp\/v2\/product\/167","targetHints":{"allow":["GET"]}}],"collection":[{"href":"https:\/\/finascrap.pl\/index.php?rest_route=\/wp\/v2\/product"}],"about":[{"href":"https:\/\/finascrap.pl\/index.php?rest_route=\/wp\/v2\/types\/product"}],"wp:featuredmedia":[{"embeddable":true,"href":"https:\/\/finascrap.pl\/index.php?rest_route=\/wp\/v2\/media\/177"}],"wp:attachment":[{"href":"https:\/\/finascrap.pl\/index.php?rest_route=%2Fwp%2Fv2%2Fmedia&parent=167"}],"wp:term":[{"taxonomy":"product_cat","embeddable":true,"href":"https:\/\/finascrap.pl\/index.php?rest_route=%2Fwp%2Fv2%2Fproduct_cat&post=167"},{"taxonomy":"product_tag","embeddable":true,"href":"https:\/\/finascrap.pl\/index.php?rest_route=%2Fwp%2Fv2%2Fproduct_tag&post=167"}],"curies":[{"name":"wp","href":"https:\/\/api.w.org\/{rel}","templated":true}]}}