{"id":1452,"date":"2025-08-05T14:14:26","date_gmt":"2025-08-05T12:14:26","guid":{"rendered":"https:\/\/finascrap.pl\/?post_type=product&#038;p=1452"},"modified":"2026-01-24T18:56:01","modified_gmt":"2026-01-24T17:56:01","slug":"kartki-schodkowe-kaskady-01","status":"publish","type":"product","link":"https:\/\/finascrap.pl\/?product=kartki-schodkowe-kaskady-01","title":{"rendered":"Kartki schodkowe &#8222;Kaskady&#8221; 01"},"content":{"rendered":"<p data-sourcepos=\"3:1-3:126\">Co\u015b, co wyr\u00f3\u017cni Pa\u0144stwa ofert\u0119 na tle konkurencji \u2014 <strong>zestaw 6 oryginalnych kartek schodkowych<\/strong>.<\/p>\n<p data-sourcepos=\"5:1-5:327\">Te unikatowe kartki po otwarciu rozk\u0142adaj\u0105 si\u0119 w efektowny, przestrzenny kszta\u0142t, kt\u00f3ry mo\u017cna postawi\u0107, co czyni je nie tylko no\u015bnikiem \u017cycze\u0144, ale i urocz\u0105 dekoracj\u0105. To idealny dodatek do bukietu, kt\u00f3ry z pewno\u015bci\u0105 zachwyci Pa\u0144stwa klient\u00f3w. W komplecie znajduje si\u0119 6 niepowtarzalnych kartek wraz z dopasowanymi kopertami.<\/p>\n<p data-sourcepos=\"7:1-7:202\">Je\u015bli szukaj\u0105 Pa\u0144stwo sposobu na wzbogacenie swojej oferty o oryginalne, przyci\u0105gaj\u0105ce wzrok produkty, ten zestaw b\u0119dzie doskona\u0142ym wyborem. Zach\u0119camy do kontaktu w celu om\u00f3wienia szczeg\u00f3\u0142\u00f3w wsp\u00f3\u0142pracy.<\/p>\n","protected":false},"excerpt":{"rendered":"<p><em><strong>Uwaga! Sprzeda\u017c przez stron\u0119 internetow\u0105 wstrzymana. W celu z\u0142o\u017cenia zam\u00f3wienia prosimy o kontakt mailowy: finascrap@gmail.com<\/strong><\/em><\/p>\n<p>Zestaw:<\/p>\n<p>-6 kartek o wymiarach ok. 10,5cm\/14,4cm<br \/>\n-6 kopert<br \/>\n-3 piki florystyczne (gratis)<\/p>\n<h3><em>Mo\u017cna je zobaczy\u0107 na <strong>Instagram<\/strong>:<br \/>\n<\/em><strong><a href=\"https:\/\/www.instagram.com\/p\/DM2hNRSNdLV\/\">https:\/\/www.instagram.com\/p\/DMLFwxjtlZm\/<\/a><\/strong><\/h3>\n","protected":false},"featured_media":1411,"template":"","meta":[],"product_cat":[225,219],"product_tag":[216,47,49,34,150,167,45],"class_list":{"0":"post-1452","1":"product","2":"type-product","3":"status-publish","4":"has-post-thumbnail","6":"product_cat-kartki-pop-up-box","7":"product_cat-zestawy-oferta-dla-kwiaciarni-itp","8":"product_tag-emerytura","9":"product_tag-gratulacje","10":"product_tag-imieniny","11":"product_tag-kartka","12":"product_tag-prezent","13":"product_tag-upominek","14":"product_tag-urodziny","16":"first","17":"instock","18":"sold-individually","19":"shipping-taxable","20":"purchasable","21":"product-type-simple"},"_links":{"self":[{"href":"https:\/\/finascrap.pl\/index.php?rest_route=\/wp\/v2\/product\/1452","targetHints":{"allow":["GET"]}}],"collection":[{"href":"https:\/\/finascrap.pl\/index.php?rest_route=\/wp\/v2\/product"}],"about":[{"href":"https:\/\/finascrap.pl\/index.php?rest_route=\/wp\/v2\/types\/product"}],"wp:featuredmedia":[{"embeddable":true,"href":"https:\/\/finascrap.pl\/index.php?rest_route=\/wp\/v2\/media\/1411"}],"wp:attachment":[{"href":"https:\/\/finascrap.pl\/index.php?rest_route=%2Fwp%2Fv2%2Fmedia&parent=1452"}],"wp:term":[{"taxonomy":"product_cat","embeddable":true,"href":"https:\/\/finascrap.pl\/index.php?rest_route=%2Fwp%2Fv2%2Fproduct_cat&post=1452"},{"taxonomy":"product_tag","embeddable":true,"href":"https:\/\/finascrap.pl\/index.php?rest_route=%2Fwp%2Fv2%2Fproduct_tag&post=1452"}],"curies":[{"name":"wp","href":"https:\/\/api.w.org\/{rel}","templated":true}]}}