{"id":102,"date":"2023-05-02T16:29:21","date_gmt":"2023-05-02T16:29:21","guid":{"rendered":"https:\/\/finascrap.pl\/strona-glowna\/"},"modified":"2023-09-02T09:01:32","modified_gmt":"2023-09-02T07:01:32","slug":"strona-glowna","status":"publish","type":"page","link":"https:\/\/finascrap.pl\/?page_id=102","title":{"rendered":"O mnie"},"content":{"rendered":"\n<h1 class=\"wp-block-heading has-text-align-center has-text-color has-medium-font-size\" style=\"color:#7a6325;font-style:normal;font-weight:300\">O mnie&#8230;<\/h1>\n\n\n\n<p><\/p>\n\n\n\n<p><\/p>\n\n\n\n<p class=\"has-text-color has-background\" style=\"color:#4f4323;background:linear-gradient(135deg,rgb(248,236,243) 0%,rgb(250,247,247) 32%,rgb(217,165,127) 100%)\">Cze\u015b\u0107,  <br>mam na imi\u0119 Ewa. Ciesz\u0119 si\u0119 z Twoich odwiedzin tu, w moim &#8222;kreatywnym k\u0105ciku&#8221;. Scrapbookingiem, czyli sztuk\u0105 r\u0119cznego tworzenia album\u00f3w i innych pami\u0105tek, zainteresowa\u0142am si\u0119 kilka lat temu. Ju\u017c od samego pocz\u0105tku tworzenie (cho\u0107 nieporadne) dawa\u0142o mi wielk\u0105 satysfakcj\u0119 i dzia\u0142a\u0142o na mnie wyciszaj\u0105co i ekscytuj\u0105co jednocze\u015bnie. Kiedy kupi\u0142am pierwsze arkusze papieru scrapbookingowego, najpierw d\u0142ugo cieszy\u0142am si\u0119 ich faktur\u0105, zapachem, by dopiero po d\u0142ugim  czasie zdecydowa\u0107 si\u0119 na ich poci\u0119cie. I to nie bez \u017calu&#8230; Dla niekt\u00f3rych mo\u017ce zabrzmie\u0107 to \u015bmiesznie. S\u0105 jednak w\u015br\u00f3d nas osoby, kt\u00f3re to rozumiej\u0105. Kt\u00f3re, podobnie jak ja, oddaj\u0105 si\u0119 w ca\u0142o\u015bci temu, co kochaj\u0105. No w\u0142a\u015bnie, wszystko ma jednak swoje granice. U mnie t\u0105 barier\u0105 sta\u0142 si\u0119 brak miejsca na trzymanie moich wytwor\u00f3w wyobra\u017ani. A potrzeba tworzenia ros\u0142a wraz z rozwojem i odkrywaniem nowych technik. W ten w\u0142a\u015bnie spos\u00f3b powsta\u0142 pomys\u0142 na sklep internetowy. Chcia\u0142am podzieli\u0107 si\u0119 z innymi tym, co powsta\u0142o w mojej tw\u00f3rczej pracowni i jednocze\u015bnie zwolni\u0107 troch\u0119 miejsca na nowe projekty. <br><br>Scrapbooking, chocia\u017c jest moim najwi\u0119kszym hobby, nigdy nie przy\u0107mi tego, co w moim \u017cyciu najwa\u017cniejsze, czyli relacji z dzie\u0107mi. Przede wszystkim moimi w\u0142asnymi, ale tak\u017ce tymi szkolnymi. St\u0105d pomys\u0142 na wykorzystanie materia\u0142\u00f3w, kt\u00f3rych cz\u0119sto u\u017cywam do r\u0119kodzie\u0142a, tak\u017ce do pracy z nimi. Moim ulubionym narz\u0119dziem jest laser, czyli profesjonalny sprz\u0119t, kt\u00f3rego potencja\u0142u nigdy nie by\u0142am w stanie w stu procentach wykorzysta\u0107, opieraj\u0105c si\u0119 tylko na projektowaniu i wypalaniu tekturek do w\u0142asnych prac. Tak wpad\u0142am na pomys\u0142, aby tworzy\u0107 materia\u0142y kreatywne dla dzieci i by\u0107 mo\u017ce zarazi\u0107 rado\u015bci\u0105 kreowania tak\u017ce najm\u0142odszych. <br><br>Zapraszam Ci\u0119 do Sklepu i zach\u0119cam do \u015bledzenia mnie na Instagramie, gdzie bawi\u0119 si\u0119 form\u0105 i pr\u00f3buj\u0119 w ciekawy spos\u00f3b zaprezentowa\u0107 to, co kocham. <br><br>Dzi\u0119kuj\u0119, \u017ce jeste\u015b! \ud83d\ude42 <\/p>\n\n\n\n<p><\/p>\n\n\n\n<p><\/p>\n\n\n\n<h2 class=\"wp-block-heading has-text-align-center\">W promocji<\/h2>\n\n\n<div data-block-name=\"woocommerce\/product-on-sale\" data-columns=\"4\" class=\"wc-block-grid wp-block-product-on-sale wc-block-product-on-sale has-4-columns has-multiple-rows\"><ul class=\"wc-block-grid__products\"><li class=\"wc-block-grid__product\">\n\t\t\t\t<a href=\"https:\/\/finascrap.pl\/?product=albumik-harmonijkowy-zostac-mama\" class=\"wc-block-grid__product-link\">\n\t\t\t\t\t<div class=\"wc-block-grid__product-onsale\">\n\t\t\t<span aria-hidden=\"true\">Sale<\/span>\n\t\t\t<span class=\"screen-reader-text\">Product on sale<\/span>\n\t\t<\/div>\n\t\t\t\t\t<div class=\"wc-block-grid__product-image\"><img loading=\"lazy\" decoding=\"async\" width=\"250\" height=\"250\" src=\"https:\/\/finascrap.pl\/wp-content\/uploads\/2025\/04\/20230506_192655-250x250.jpg\" class=\"attachment-woocommerce_thumbnail size-woocommerce_thumbnail\" alt=\"Albumik harmonijkowy &quot;Zosta\u0107 mam\u0105&quot;\" srcset=\"https:\/\/finascrap.pl\/wp-content\/uploads\/2025\/04\/20230506_192655-250x250.jpg 250w, https:\/\/finascrap.pl\/wp-content\/uploads\/2025\/04\/20230506_192655-150x150.jpg 150w, https:\/\/finascrap.pl\/wp-content\/uploads\/2025\/04\/20230506_192655-100x100.jpg 100w\" sizes=\"auto, 100vw\" \/><\/div>\n\t\t\t\t\t<div class=\"wc-block-grid__product-title\">Albumik harmonijkowy &#8222;Zosta\u0107 mam\u0105&#8221;<\/div>\n\t\t\t\t<\/a>\n\t\t\t\t<div class=\"wc-block-grid__product-price price\"><del aria-hidden=\"true\"><span class=\"woocommerce-Price-amount amount\">49,00<span class=\"woocommerce-Price-currencySymbol\">&#122;&#322;<\/span><\/span><\/del> <ins><span class=\"woocommerce-Price-amount amount\">34,00<span class=\"woocommerce-Price-currencySymbol\">&#122;&#322;<\/span><\/span><\/ins><\/div>\n\t\t\t\t\n\t\t\t\t<div class=\"wp-block-button wc-block-grid__product-add-to-cart\"><a href=\"?add-to-cart=384\" aria-label=\"Add &ldquo;Albumik harmonijkowy &quot;Zosta\u0107 mam\u0105&quot;&rdquo; to your cart\" data-quantity=\"1\" data-product_id=\"384\" data-product_sku=\"\" data-price=\"34\" rel=\"nofollow\" class=\"wp-block-button__link  add_to_cart_button ajax_add_to_cart\">Add to cart<\/a><\/div>\n\t\t\t<\/li><li class=\"wc-block-grid__product\">\n\t\t\t\t<a href=\"https:\/\/finascrap.pl\/?product=okno-marzen-01-digi\" class=\"wc-block-grid__product-link\">\n\t\t\t\t\t<div class=\"wc-block-grid__product-onsale\">\n\t\t\t<span aria-hidden=\"true\">Sale<\/span>\n\t\t\t<span class=\"screen-reader-text\">Product on sale<\/span>\n\t\t<\/div>\n\t\t\t\t\t<div class=\"wc-block-grid__product-image\"><img loading=\"lazy\" decoding=\"async\" width=\"250\" height=\"250\" src=\"https:\/\/finascrap.pl\/wp-content\/uploads\/2024\/02\/Okno-marzen-01-zw-2-250x250.jpg\" class=\"attachment-woocommerce_thumbnail size-woocommerce_thumbnail\" alt=\"Okno marze\u0144 01 DIGI\" srcset=\"https:\/\/finascrap.pl\/wp-content\/uploads\/2024\/02\/Okno-marzen-01-zw-2-250x250.jpg 250w, https:\/\/finascrap.pl\/wp-content\/uploads\/2024\/02\/Okno-marzen-01-zw-2-150x150.jpg 150w, https:\/\/finascrap.pl\/wp-content\/uploads\/2024\/02\/Okno-marzen-01-zw-2-100x100.jpg 100w\" sizes=\"auto, 100vw\" \/><\/div>\n\t\t\t\t\t<div class=\"wc-block-grid__product-title\">Okno marze\u0144 01 DIGI<\/div>\n\t\t\t\t<\/a>\n\t\t\t\t<div class=\"wc-block-grid__product-price price\"><del aria-hidden=\"true\"><span class=\"woocommerce-Price-amount amount\">8,90<span class=\"woocommerce-Price-currencySymbol\">&#122;&#322;<\/span><\/span><\/del> <ins><span class=\"woocommerce-Price-amount amount\">5,90<span class=\"woocommerce-Price-currencySymbol\">&#122;&#322;<\/span><\/span><\/ins><\/div>\n\t\t\t\t\n\t\t\t\t<div class=\"wp-block-button wc-block-grid__product-add-to-cart\"><a href=\"?add-to-cart=899\" aria-label=\"Add &ldquo;Okno marze\u0144 01 DIGI&rdquo; to your cart\" data-quantity=\"1\" data-product_id=\"899\" data-product_sku=\"\" data-price=\"5.9\" rel=\"nofollow\" class=\"wp-block-button__link  add_to_cart_button ajax_add_to_cart\">Add to cart<\/a><\/div>\n\t\t\t<\/li><li class=\"wc-block-grid__product\">\n\t\t\t\t<a href=\"https:\/\/finascrap.pl\/?product=slodkie-urodzinki-01-digi\" class=\"wc-block-grid__product-link\">\n\t\t\t\t\t<div class=\"wc-block-grid__product-onsale\">\n\t\t\t<span aria-hidden=\"true\">Sale<\/span>\n\t\t\t<span class=\"screen-reader-text\">Product on sale<\/span>\n\t\t<\/div>\n\t\t\t\t\t<div class=\"wc-block-grid__product-image\"><img loading=\"lazy\" decoding=\"async\" width=\"250\" height=\"250\" src=\"https:\/\/finascrap.pl\/wp-content\/uploads\/2024\/02\/Projekt-Slodkie-urodzinki-01-zw-250x250.jpg\" class=\"attachment-woocommerce_thumbnail size-woocommerce_thumbnail\" alt=\"S\u0142odkie urodzinki 01 DIGI\" srcset=\"https:\/\/finascrap.pl\/wp-content\/uploads\/2024\/02\/Projekt-Slodkie-urodzinki-01-zw-250x250.jpg 250w, https:\/\/finascrap.pl\/wp-content\/uploads\/2024\/02\/Projekt-Slodkie-urodzinki-01-zw-150x150.jpg 150w, https:\/\/finascrap.pl\/wp-content\/uploads\/2024\/02\/Projekt-Slodkie-urodzinki-01-zw-100x100.jpg 100w\" sizes=\"auto, 100vw\" \/><\/div>\n\t\t\t\t\t<div class=\"wc-block-grid__product-title\">S\u0142odkie urodzinki 01 DIGI<\/div>\n\t\t\t\t<\/a>\n\t\t\t\t<div class=\"wc-block-grid__product-price price\"><del aria-hidden=\"true\"><span class=\"woocommerce-Price-amount amount\">8,90<span class=\"woocommerce-Price-currencySymbol\">&#122;&#322;<\/span><\/span><\/del> <ins><span class=\"woocommerce-Price-amount amount\">5,90<span class=\"woocommerce-Price-currencySymbol\">&#122;&#322;<\/span><\/span><\/ins><\/div>\n\t\t\t\t\n\t\t\t\t<div class=\"wp-block-button wc-block-grid__product-add-to-cart\"><a href=\"?add-to-cart=896\" aria-label=\"Add &ldquo;S\u0142odkie urodzinki 01 DIGI&rdquo; to your cart\" data-quantity=\"1\" data-product_id=\"896\" data-product_sku=\"\" data-price=\"5.9\" rel=\"nofollow\" class=\"wp-block-button__link  add_to_cart_button ajax_add_to_cart\">Add to cart<\/a><\/div>\n\t\t\t<\/li><li class=\"wc-block-grid__product\">\n\t\t\t\t<a href=\"https:\/\/finascrap.pl\/?product=cuda-natury-01\" class=\"wc-block-grid__product-link\">\n\t\t\t\t\t<div class=\"wc-block-grid__product-onsale\">\n\t\t\t<span aria-hidden=\"true\">Sale<\/span>\n\t\t\t<span class=\"screen-reader-text\">Product on sale<\/span>\n\t\t<\/div>\n\t\t\t\t\t<div class=\"wc-block-grid__product-image\"><img loading=\"lazy\" decoding=\"async\" width=\"250\" height=\"250\" src=\"https:\/\/finascrap.pl\/wp-content\/uploads\/2024\/02\/Cuda-natury-01-zw-250x250.jpg\" class=\"attachment-woocommerce_thumbnail size-woocommerce_thumbnail\" alt=\"Cuda natury 01 DIGI\" srcset=\"https:\/\/finascrap.pl\/wp-content\/uploads\/2024\/02\/Cuda-natury-01-zw-250x250.jpg 250w, https:\/\/finascrap.pl\/wp-content\/uploads\/2024\/02\/Cuda-natury-01-zw-150x150.jpg 150w, https:\/\/finascrap.pl\/wp-content\/uploads\/2024\/02\/Cuda-natury-01-zw-100x100.jpg 100w\" sizes=\"auto, 100vw\" \/><\/div>\n\t\t\t\t\t<div class=\"wc-block-grid__product-title\">Cuda natury 01 DIGI<\/div>\n\t\t\t\t<\/a>\n\t\t\t\t<div class=\"wc-block-grid__product-price price\"><del aria-hidden=\"true\"><span class=\"woocommerce-Price-amount amount\">8,90<span class=\"woocommerce-Price-currencySymbol\">&#122;&#322;<\/span><\/span><\/del> <ins><span class=\"woocommerce-Price-amount amount\">3,90<span class=\"woocommerce-Price-currencySymbol\">&#122;&#322;<\/span><\/span><\/ins><\/div>\n\t\t\t\t\n\t\t\t\t<div class=\"wp-block-button wc-block-grid__product-add-to-cart\"><a href=\"?add-to-cart=889\" aria-label=\"Add &ldquo;Cuda natury 01 DIGI&rdquo; to your cart\" data-quantity=\"1\" data-product_id=\"889\" data-product_sku=\"\" data-price=\"3.9\" rel=\"nofollow\" class=\"wp-block-button__link  add_to_cart_button ajax_add_to_cart\">Add to cart<\/a><\/div>\n\t\t\t<\/li><li class=\"wc-block-grid__product\">\n\t\t\t\t<a href=\"https:\/\/finascrap.pl\/?product=milosc-wokol-nas-01-digi\" class=\"wc-block-grid__product-link\">\n\t\t\t\t\t<div class=\"wc-block-grid__product-onsale\">\n\t\t\t<span aria-hidden=\"true\">Sale<\/span>\n\t\t\t<span class=\"screen-reader-text\">Product on sale<\/span>\n\t\t<\/div>\n\t\t\t\t\t<div class=\"wc-block-grid__product-image\"><img loading=\"lazy\" decoding=\"async\" width=\"250\" height=\"250\" src=\"https:\/\/finascrap.pl\/wp-content\/uploads\/2024\/02\/Milosc-wokol-nas-01-zw-250x250.png\" class=\"attachment-woocommerce_thumbnail size-woocommerce_thumbnail\" alt=\"Mi\u0142o\u015b\u0107 wok\u00f3\u0142 nas 01 DIGI\" srcset=\"https:\/\/finascrap.pl\/wp-content\/uploads\/2024\/02\/Milosc-wokol-nas-01-zw-250x250.png 250w, https:\/\/finascrap.pl\/wp-content\/uploads\/2024\/02\/Milosc-wokol-nas-01-zw-150x150.png 150w, https:\/\/finascrap.pl\/wp-content\/uploads\/2024\/02\/Milosc-wokol-nas-01-zw-100x100.png 100w\" sizes=\"auto, 100vw\" \/><\/div>\n\t\t\t\t\t<div class=\"wc-block-grid__product-title\">Mi\u0142o\u015b\u0107 wok\u00f3\u0142 nas 01 DIGI<\/div>\n\t\t\t\t<\/a>\n\t\t\t\t<div class=\"wc-block-grid__product-price price\"><del aria-hidden=\"true\"><span class=\"woocommerce-Price-amount amount\">8,90<span class=\"woocommerce-Price-currencySymbol\">&#122;&#322;<\/span><\/span><\/del> <ins><span class=\"woocommerce-Price-amount amount\">3,90<span class=\"woocommerce-Price-currencySymbol\">&#122;&#322;<\/span><\/span><\/ins><\/div>\n\t\t\t\t\n\t\t\t\t<div class=\"wp-block-button wc-block-grid__product-add-to-cart\"><a href=\"?add-to-cart=886\" aria-label=\"Add &ldquo;Mi\u0142o\u015b\u0107 wok\u00f3\u0142 nas 01 DIGI&rdquo; to your cart\" data-quantity=\"1\" data-product_id=\"886\" data-product_sku=\"\" data-price=\"3.9\" rel=\"nofollow\" class=\"wp-block-button__link  add_to_cart_button ajax_add_to_cart\">Add to cart<\/a><\/div>\n\t\t\t<\/li><li class=\"wc-block-grid__product\">\n\t\t\t\t<a href=\"https:\/\/finascrap.pl\/?product=tradycje-wielkanocne-01-digi\" class=\"wc-block-grid__product-link\">\n\t\t\t\t\t<div class=\"wc-block-grid__product-onsale\">\n\t\t\t<span aria-hidden=\"true\">Sale<\/span>\n\t\t\t<span class=\"screen-reader-text\">Product on sale<\/span>\n\t\t<\/div>\n\t\t\t\t\t<div class=\"wc-block-grid__product-image\"><img loading=\"lazy\" decoding=\"async\" width=\"250\" height=\"250\" src=\"https:\/\/finascrap.pl\/wp-content\/uploads\/2024\/02\/Tradycje-wielkanocne-01-zw-250x250.jpg\" class=\"attachment-woocommerce_thumbnail size-woocommerce_thumbnail\" alt=\"Tradycje wielkanocne 01 DIGI\" srcset=\"https:\/\/finascrap.pl\/wp-content\/uploads\/2024\/02\/Tradycje-wielkanocne-01-zw-250x250.jpg 250w, https:\/\/finascrap.pl\/wp-content\/uploads\/2024\/02\/Tradycje-wielkanocne-01-zw-150x150.jpg 150w, https:\/\/finascrap.pl\/wp-content\/uploads\/2024\/02\/Tradycje-wielkanocne-01-zw-100x100.jpg 100w\" sizes=\"auto, 100vw\" \/><\/div>\n\t\t\t\t\t<div class=\"wc-block-grid__product-title\">Tradycje wielkanocne 01 DIGI<\/div>\n\t\t\t\t<\/a>\n\t\t\t\t<div class=\"wc-block-grid__product-price price\"><del aria-hidden=\"true\"><span class=\"woocommerce-Price-amount amount\">8,90<span class=\"woocommerce-Price-currencySymbol\">&#122;&#322;<\/span><\/span><\/del> <ins><span class=\"woocommerce-Price-amount amount\">3,90<span class=\"woocommerce-Price-currencySymbol\">&#122;&#322;<\/span><\/span><\/ins><\/div>\n\t\t\t\t\n\t\t\t\t<div class=\"wp-block-button wc-block-grid__product-add-to-cart\"><a href=\"?add-to-cart=882\" aria-label=\"Add &ldquo;Tradycje wielkanocne 01 DIGI&rdquo; to your cart\" data-quantity=\"1\" data-product_id=\"882\" data-product_sku=\"\" data-price=\"3.9\" rel=\"nofollow\" class=\"wp-block-button__link  add_to_cart_button ajax_add_to_cart\">Add to cart<\/a><\/div>\n\t\t\t<\/li><\/ul><\/div>\n\n\n<h2 class=\"wp-block-heading has-text-align-center\"><\/h2>\n","protected":false},"excerpt":{"rendered":"<p>O mnie&#8230; Cze\u015b\u0107, mam na imi\u0119 Ewa. Ciesz\u0119 si\u0119 z Twoich odwiedzin tu, w moim &#8222;kreatywnym k\u0105ciku&#8221;. Scrapbookingiem, czyli sztuk\u0105 r\u0119cznego tworzenia album\u00f3w i innych pami\u0105tek, zainteresowa\u0142am si\u0119 kilka lat temu. Ju\u017c od samego pocz\u0105tku tworzenie (cho\u0107 nieporadne) dawa\u0142o mi wielk\u0105 satysfakcj\u0119 i dzia\u0142a\u0142o na mnie wyciszaj\u0105co i ekscytuj\u0105co jednocze\u015bnie. Kiedy kupi\u0142am pierwsze arkusze papieru &hellip; <\/p>\n<p class=\"link-more\"><a href=\"https:\/\/finascrap.pl\/?page_id=102\" class=\"more-link\">Czytaj dalej<span class=\"screen-reader-text\"> \u201eO mnie\u201d<\/span><\/a><\/p>\n","protected":false},"author":1,"featured_media":0,"parent":0,"menu_order":0,"comment_status":"closed","ping_status":"closed","template":"","meta":{"footnotes":""},"class_list":["post-102","page","type-page","status-publish","hentry"],"_links":{"self":[{"href":"https:\/\/finascrap.pl\/index.php?rest_route=\/wp\/v2\/pages\/102","targetHints":{"allow":["GET"]}}],"collection":[{"href":"https:\/\/finascrap.pl\/index.php?rest_route=\/wp\/v2\/pages"}],"about":[{"href":"https:\/\/finascrap.pl\/index.php?rest_route=\/wp\/v2\/types\/page"}],"author":[{"embeddable":true,"href":"https:\/\/finascrap.pl\/index.php?rest_route=\/wp\/v2\/users\/1"}],"replies":[{"embeddable":true,"href":"https:\/\/finascrap.pl\/index.php?rest_route=%2Fwp%2Fv2%2Fcomments&post=102"}],"version-history":[{"count":19,"href":"https:\/\/finascrap.pl\/index.php?rest_route=\/wp\/v2\/pages\/102\/revisions"}],"predecessor-version":[{"id":404,"href":"https:\/\/finascrap.pl\/index.php?rest_route=\/wp\/v2\/pages\/102\/revisions\/404"}],"wp:attachment":[{"href":"https:\/\/finascrap.pl\/index.php?rest_route=%2Fwp%2Fv2%2Fmedia&parent=102"}],"curies":[{"name":"wp","href":"https:\/\/api.w.org\/{rel}","templated":true}]}}